p + 1 + j*p. Give n(m).
-4
Let y(s) = -s**2 + 16*s - 62. Let t be y(10). Let c(j) = -j**3 - 4*j**2 - 5*j + 2. Give c(t).
4
Let s(n) = -13*n + 27. Suppose -3*y + 15 = -x, 15*y + 4*x + 4 = 13*y. Calculate s(y).
-25
Let o(b) = 62*b + 185. Let h(g) = -14*g - 7. Let q(i) = 4*h(i) + o(i). Determine q(-27).
-5
Suppose 0 = 4*l + h + 19, -1 = -3*l + 4*h - 20. Let s be (5 - 12) + (l - (-35)/5). Let z(g) = 3*g + 5. Determine z(s).
-10
Let x(v) = -v**3 + 20*v**2 + 20*v + 24. Let d be 1/4 + 2490/120. Determine x(d).
3
Suppose 4*a = -5*s + 9 - 49, 0 = 2*s. Let z(q) = 4*q**2 - 37*q - 33. Let r(x) = -x**2 + 12*x + 9. Let p(d) = 7*r(d) + 2*z(d). What is p(a)?
-3
Let m(a) be the first derivative of -a**4/2 - 2*a**3 + 3*a**2 - 6*a + 1734. Determine m(3).
-96
Let o(t) = 16*t**3 - 11*t**2 + 12*t - 10. Let s(c) = 19*c**3 - 12*c**2 + 14*c - 12. Let x(l) = 6*o(l) - 5*s(l). Determine x(6).
12
Let b(o) = o. Let s(m) = m**2 - 8*m + 19. Let k be s(-9). Suppose -4*c - 4*r + k = -0*r, 195 = 5*c + r. Let x = c + -39. What is b(x)?
-1
Let k(m) = 1 - 262*m + 158*m + 149*m + 2. Determine k(-1).
-42
Suppose 30*i - 78*i + 39*i - 54 = 0. Let z(l) = l + 4. Let r(v) = -v - 4. Let h(a) = 7*r(a) + 6*z(a). What is h(i)?
2
Let t = 7623 - 7628. Let i(l) = -18*l + 21. Determine i(t).
111
Let z(h) = -6*h**3 + 3*h**2 + 5*h + 2. Suppose -2*y + 7 = 5, 3*y = o + 4. Determine z(o).
6
Let x(z) be the first derivative of z**4/4 + 11*z**3/3 + 21*z**2/2 + 18*z - 47. Let q be x(-9). Let c(i) = -i - 20. Give c(q).
-11
Let y(h) = h - 7. Let m be 2/(-13) + 8/((-416)/(-164)). Suppose 5*o - 91 = -m*p, -17 - 3 = -4*o. Suppose 6*k - 14 = p. Give y(k).
-1
Let z(l) be the third derivative of 87*l**2 + 0 + 0*l**3 - 1/6*l**4 + 0*l. Determine z(1).
-4
Let h(w) be the first derivative of -98 + 1/2*w**2 + 3*w. Determine h(-3).
0
Suppose -3*v + 4*y + 15 = 0, 0*v + 25 = 5*v - 2*y. Let l be 58 + -1 + 2/5*v. Let s = 52 - l. Let t(i) = -i**3 - 7*i**2 - i + 3. Calculate t(s).
10
Let k(p) = -343 + 8*p**2 + 703 - 353 - 6*p**2 - 61*p. What is k(30)?
-23
Let w = -363 - -371. Let n(m) = w*m + 17 + 42*m**2 - 5 - 41*m**2. Calculate n(-7).
5
Let g = -576 - -570. Let u(y) be the second derivative of -y**3/3 - 4*y**2 - 4*y. Give u(g).
4
Suppose 0 = -4*z + 3*z. Suppose -2*m + m + 3 = z. Let u(c) be the first derivative of c**3/3 - 3*c**2/2 - 3*c + 355. What is u(m)?
-3
Let p(j) = -j**2 - 25*j - 21. Let o be -23 + (16/(-4) + 0 - -3). Let n be p(o). Let a(w) = 8*w. Determine a(n).
24
Suppose -27*x = -5*x + 528. Let q be (x/(-28) - (-4)/28)*-3. Let a(f) = -f**2 - 4*f - 2. Calculate a(q).
1
Let w(z) = 7*z + 1. Let r(u) = 3*u + 92. Let v(c) = -r(c) - 4*w(c). Give v(-3).
-3
Let z(l) be the first derivative of -36*l**2 + 720*l - 3678. Determine z(10).
0
Let r(g) = 35*g**2 - 4*g**2 - 13*g**2 + 0*g**3 - 11 + 6*g**2 - 3*g**3. Calculate r(8).
-11
Let i(a) be the third derivative of -a**4/6 + 163*a**3/6 - 2*a**2 - a + 527. Give i(40).
3
Let m = -679 + 690. Suppose -d + m*v - 23 = 6*v, 3*d + 4*v - 7 = 0. Let l(s) = 5*s + 11. Calculate l(d).
-4
Let i = -920 - -921. Let h be (24/(-2))/((-3)/2). Let q(m) = -h*m - i + 24*m - 10*m - 5*m. Give q(5).
4
Suppose 2*p - 285 = -3*p. Suppose l - 4*l + p = 0. Let x(f) = -20*f + 3 + 5 + 0 + l*f. Calculate x(8).
0
Let w be (-405)/(-12) + 4/16. Suppose -w = 19*f + 23. Let i(k) = k**3 + 3*k**2 + 2*k - 4. What is i(f)?
-10
Suppose 5*o + 11 = 1. Let b(p) = 3*p + 8. Let m be 2*-1*(0 + 1/2). Let l(g) = g + 1. Let a(s) = m*b(s) + 6*l(s). What is a(o)?
-8
Suppose 18 = -q + 16. Let y(b) = -21*b - 45. Give y(q).
-3
Let r(m) = 4*m - 64. Let c be r(21). Let v(i) = 3 - 9 - 19*i + c*i. What is v(10)?
4
Suppose 4*u + 709 = 713, 0 = 4*j + 5*u + 7. Let y(v) = v**3 + 6*v**2 - 3*v - 7. Calculate y(j).
29
Let c(r) be the first derivative of -r**5/20 + 7*r**4/12 - r**3/6 - 3*r**2/2 - 101*r + 154. Let i(p) be the first derivative of c(p). What is i(7)?
-10
Let g(w) = -w**2 + 1188*w + 74884. Let q be g(-60). Let u(p) be the second derivative of -p**5/20 + p**4/3 + 7*p**3/6 - p**2/2 - p. Give u(q).
27
Let i be 12/1*1/(-2). Let a(o) = 7*o**2 - 30*o**3 - 1 + 31*o**3 + 0 - 188571*o + 188578*o. Determine a(i).
-7
Let y be -6 - 1/((-1)/2). Let f(i) = -4*i**2 + 2*i - 308. Let j(s) = -6*s**2 + 4*s - 494. Let l(p) = 8*f(p) - 5*j(p). Determine l(y).
-10
Let v(u) = 101*u - 8. Let b(f) = 362*f - 22. Let i(j) = 2*b(j) - 7*v(j). Determine i(-4).
-56
Let k = -2 - -3. Let t(v) = -43*v**3 + 24*v**2 - 15*v - 9. Let a(m) = -20*m**3 + 11*m**2 - 7*m - 4. Let p(g) = -11*a(g) + 5*t(g). Give p(k).
5
Let i(a) = a**3 + 9*a**2 - 7*a + 22. Let n(g) = 3*g - 106. Let k be n(32). Let s be i(k). Let j(b) = -b**3 - 9*b**2 - 9*b + 7. Determine j(s).
15
Let k(m) = 5*m**3 - 2*m**2 + 7*m + 1. Let q(l) be the second derivative of -3*l**5/20 + l**4/6 - 5*l**3/6 + 8*l + 3. Let y(t) = 2*k(t) + 3*q(t). Give y(-3).
-4
Let l(g) = -g**3 - 8*g**2 + 17*g + 10. Suppose -198*h - 342 = 1440. Calculate l(h).
-62
Suppose 5*c = -5*c - 160. Let v be 87/(-145) + c/(-10). Let w(f) = 2*f + 1. Calculate w(v).
3
Suppose -146*n + 148*n + 6 = 4*m, 15 = -m - 5*n. Let x(a) = a**3 + a**2 - a - 53. What is x(m)?
-53
Let q(o) = o**3 - 9*o**2 + 8*o - 4. Let t = 22 + -49. Let u = -19 - t. Determine q(u).
-4
Let d(h) be the first derivative of -50 - 5*h - 1/2*h**2. Let v(l) = l + 1. Let f be v(3). Give d(f).
-9
Let u(s) be the third derivative of s**5/30 + s**4/6 + 4*s**3/3 - 9*s**2 - 500*s. Calculate u(-3).
14
Let r = -1057 + 1052. Let l(p) = 5*p**2 - 13*p + 3. Let h(m) = 7*m - 2 + 7*m - 6*m - 4*m**2 + 4*m. Let k(t) = 6*h(t) + 5*l(t). Calculate k(r).
-7
Let z(a) be the first derivative of -a**2 + 14*a - 230. Determine z(6).
2
Let z = 8 - 3. Suppose -7 = -z*a + 3. Let i(f) be the second derivative of f**3/2 - f**2 - 6*f. Calculate i(a).
4
Suppose -4*k - k = -4*t - 300, 0 = -k + 3*t + 49. Suppose -8*o = 8*o - k. Let s(u) = u**3 - u**2 - 5*u - 1. Determine s(o).
27
Suppose 8*v - 8*v = -9*v - 18. Let d(o) = 14*o + 2. Calculate d(v).
-26
Let a(i) = 1 + 4*i**2 - 2*i + 11*i**2 - i**2. Suppose -5*m + 41 = 1. Suppose -2*r - 6*f + m*f = 4, -4*r + 5*f - 11 = 0. What is a(r)?
13
Let m(l) = l**3 + 5*l**2 - 13*l - 2. Let y = 15531 - 15538. Give m(y).
-9
Let a(b) = -b**2 + 2*b + 51. Let f be a(0). Let k = f - 53. Let s be (k - -4) + 2 + 0. Let z(d) = -d**3 + 3*d**2 + 6*d - 2. Give z(s).
6
Let p(y) = -y**3 + 8*y**2 - 8*y + 6. Let b(j) = j**2 + j + 1. Let o(m) = -m**3 + 14*m**2 + 6*m - 9. Let t(f) = -4*b(f) + o(f). Let k be t(10). What is p(k)?
-1
Let p(z) be the second derivative of -5*z**4/12 + z**2/2 + 17*z + 11. Let i(w) = 2 - w + 6*w - 7*w + w. Let f be i(3). Calculate p(f).
-4
Let m(g) = -2*g - 294. Let h(t) = -t - 99. Let p(o) = 8*h(o) - 3*m(o). Determine p(40).
10
Suppose -4*i - 2*h = 12, -2*i - 3*h = -6*i - 12. Let s(o) = -o**3 - 5*o**2 - 3*o - 7. Give s(i).
-16
Let d(n) be the third derivative of -n**6/120 + 11*n**5/60 + n**4/24 + 13*n**3/6 + 33*n**2. What is d(11)?
24
Let q(r) = r - 128*r**2 + 63*r**2 + 4*r - 13 + 3*r + 62*r**2. Give q(4).
-29
Let j(v) = 78*v + 385. Let o(s) = -23*s - 129. Let h(x) = 3*j(x) + 10*o(x). Give h(35).
5
Suppose 0 = 10*a - 16*a. Let z(t) = t**3 - t**2 + 10*t + 1. Let f be z(a). Let b(w) = 7*w**3. Calculate b(f).
7
Let z(u) = 0*u + 0 + 7 - u. Suppose 3*q = 3*h + 2*h + 9, 0 = -h + 2*q + 1. Let w be -8*4*h/24. Calculate z(w).
3
Let c = -11 - -15. Suppose 0*n = c*n - 16. Let o(t) = n + 0 - 2*t + 20*t**2 - 21*t**2. Calculate o(3).
-11
Suppose -888*r + 64 = -884*r. Let h(m) = 2*m - 32. What is h(r)?
0
Suppose 86 - 30 = 7*h. Let l(m) be the first derivative of m**4/24 - m**3 - m**2 - 32*m - 70. Let i(d) be the second derivative of l(d). Determine i(h).
2
Let n(s) be the third derivative of -s**6/120 - s**5/10 + s**4/24 - s**3/2 - 22*s**2 + 5. Let q(f) = -f**2 - 11*f + 6. Let y be q(-12). Determine n(y).
-9
Let i(y) = 47*y**2 - 19*y - 35. Let d(c) = 3*c**2 - c. Let m(u) = -15*d(u) + i(u). What is m(8)?
61
Let q = -3289 + 3294. Let i(n) = -n**2 + 21*n - 73. Calculate i(q).
7
Suppose -351*f - 2944 + 973 = 3294. Let w(y) = 11*y + 169. What is w(f)?
4
Let z(t) = 12*t**3 + 22*t - 5*t - 11*t**2 + 39 - 11*t**3 - 2*t**3 - 3*t**2. Calculate z(-15).
9
Let a(t) be the first derivative of -t**4/4 + 3*t**2/2 + 3*t - 2. Suppose -22*x = -19*x - 831. Let h = x - 279. What is a(h)?
5
Let v(i) =